 -227. Let z = -115 + s. What is the greatest common factor of 35 and z?
5
Suppose 1011*o - 1013*o = 122. Let a be 1100 + o + (-2)/(-2)*5. Calculate the highest common factor of a and 18.
18
Let i(p) = -728*p + 211858. Let w be i(291). Let m = 36 - 25. What is the greatest common divisor of m and w?
1
Let q = 18289 - 18278. Suppose 5*a + v - 218 = -51, 2*v - 4 = 0. What is the highest common factor of a and q?
11
Let d(u) = 67*u**2 - 8*u + 32. Let n be d(4). Suppose 4*r + 204 = 3*b + n, -b + 1085 = 5*r. What is the greatest common factor of r and 7?
7
Let g be -9 + ((-7010)/(-135) - (-28)/378). Let p(t) = 39*t**2 + 2*t - 1. Let i be p(-3). What is the highest common factor of g and i?
43
Let w be 2/2*1 + 59. Let g = -572 + 572. Suppose -n + 53 - 33 = g. What is the highest common divisor of w and n?
20
Let s(a) = 6*a**2 - 97*a - 309. Let o(v) = 2*v**2 - 24*v - 77. Let m(f) = 9*o(f) - 2*s(f). Let x be m(-6). What is the highest common divisor of x and 21?
21
Let y = 8939 + -8851. Let o be (-134)/(-3) + (-2)/3. What is the greatest common factor of y and o?
44
Suppose -x = 2*w - 13276, -x = 3*w + 2*x - 19905. What is the highest common divisor of w and 229?
229
Let q(i) = 12*i**3 + 8*i**2 - 50*i + 364. Let o be q(7). What is the greatest common factor of o and 238?
238
Let a = 42 - -533. Calculate the highest common factor of a and 25.
25
Suppose -5*h + 1032 = 2*a, -h + 2*a = 38 - 254. Suppose 0 = 18*d - h - 62. What is the greatest common divisor of d and 300?
15
Let j(b) = 7*b - 50. Let z be j(7). Let n be (4 - (z + 7)) + 3. Suppose -q = 3*q - 36. What is the highest common divisor of n and q?
1
Let x = -160 + 279. Suppose 0 = -5*g + 2*w + 498, g - 66 = 38*w - 32*w. Calculate the highest common divisor of x and g.
17
Let s(h) = -h + 0 - 1 - 3*h + h. Let d be s(-3). Suppose 4*p = -2*l - d, -3*l = -l + p - 4. Calculate the highest common divisor of l and 6.
2
Let j(o) = 42*o - 82. Let g = -209 + 219. Let n be j(g). Calculate the highest common divisor of n and 52.
26
Let c be 2 + 6/9 + (-958)/(-3). Suppose 34 = -4*m + c. Let q(l) = 2*l - 5. Let u be q(7). Calculate the greatest common divisor of u and m.
9
Suppose 4*l - 709 + 261 = 0. Let s = 12973 - 12957. What is the greatest common factor of s and l?
16
Suppose -220 = -o - o. Let l be (-2)/16 - 44642/(-272). Suppose 120 = -2*c + l. Calculate the highest common factor of c and o.
22
Let g = 72 + -59. Suppose -5*a + 12*b = 14*b - 325, 3*a - 5*b - 195 = 0. Calculate the highest common divisor of g and a.
13
Let v(y) = 29*y - 347. Let s be v(12). Suppose 0 = -11*b + 10*b + 1. Calculate the highest common divisor of s and b.
1
Suppose -5*t + 3*l + 512 + 1285 = 0, -4*t - 5*l + 1482 = 0. What is the greatest common divisor of 1034 and t?
11
Let j = -2714 + 3275. Let n = -17 - -50. What is the highest common divisor of n and j?
33
Let c be -7*(289/(-119))/17. Calculate the greatest common factor of c and 1208.
1
Let d = -347 - -383. Calculate the highest common factor of 3078 and d.
18
Suppose 28*c = 34*c - 84. Suppose -k - 4*q = 2*k + 6, 0 = k + q + 1. What is the highest common divisor of c and k?
2
Suppose v + 0*v = 2*b - 11, -2*b + 5*v - 9 = 0. Suppose 5*x = -k + 14, -16*x = -14*x + 3*k - 16. What is the greatest common factor of x and b?
2
Suppose 37*x - 3*k - 8736 = 32*x, 0 = 3*k + 6. What is the highest common divisor of 36 and x?
18
Let b = -359 - -281. Let y be (b/(-8) + 0)*(-320)/(-60). Calculate the greatest common factor of y and 52.
52
Suppose -8*z + 3*z - 60 = 0. Let q = z + 16. Suppose -35 = -y - 2*k, q*k = -3*y + k + 90. What is the highest common divisor of 100 and y?
25
Suppose 0 = -9*j + 1896 - 132. Suppose -28*n = -35*n + j. What is the highest common divisor of 126 and n?
14
Let x be (3/15*-4)/((-52)/12090). Calculate the greatest common factor of 2511 and x.
93
Let f = -298 - -300. Suppose 0*a = -f*a - 4*o + 364, a + 4*o = 172. Calculate the greatest common divisor of 48 and a.
48
Let q be 4/5*(1 - 7/2). Let o be q/24*-681 - 4/(-16). Calculate the highest common factor of 171 and o.
57
Suppose -z - 219 = -3*h, 2*h - 15*z = -21*z + 186. What is the greatest common factor of h and 645?
15
Let g be ((-3712)/(-348))/((-4)/(-3)). Let o = 53 + -25. What is the highest common factor of g and o?
4
Let v(z) = -2*z**2 - 30*z - 12. Let n be v(-12). Let g be -26*(12 - 46) + 16. Calculate the greatest common divisor of n and g.
60
Let k be 154070/434 - (-3 - -16). Let p = 42 + -24. Calculate the greatest common divisor of k and p.
18
Let x(j) = j**2 + 21*j + 49. Let f be x(-21). Suppose 0*a + 7 = 4*a + 5*u, -4*u = 4. Suppose a*k - 12*k = -252. What is the greatest common factor of f and k?
7
Let i = 598 - 586. Suppose -6*d + i*d = 252. Let t(o) = 3*o**2 - 5*o. Let q be t(4). What is the greatest common factor of d and q?
14
Let d be (-9)/(-90) + (-196)/(-40). Suppose 4*j = 0, -4*o + 128 = d*j - 112. Suppose -s + 2*s = 24. Calculate the greatest common factor of o and s.
12
Let x = 3891 - 3888. What is the highest common factor of x and 312?
3
Suppose 356 = 2*w + 232. Let u = 122 - w. Calculate the greatest common divisor of 10 and u.
10
Suppose 49*u = -23*u + 3600. Let s(l) = l**3 + 9*l**2 - 2*l + 2. Let d be s(-4). What is the greatest common divisor of d and u?
10
Let y = 29410 + -29404. What is the highest common divisor of 1857 and y?
3
Let w(o) = -15*o - 18. Let h be w(3). Let m = 67 + h. Calculate the greatest common factor of 4 and m.
4
Suppose 5*d - 244 = -69. Let z = 8066 + -8031. Calculate the highest common factor of d and z.
35
Let j be (-18)/(-24) - (-65)/20. Suppose 0*g - j*g = -96. What is the highest common divisor of g and 3?
3
Let q(o) = o**2 - o. Let z be q(7). Suppose 2*a + 6 = 174. Suppose 0 = 42*n - 38*n - a. What is the highest common factor of n and z?
21
Let x be ((-4)/(-10))/((-5524)/(-920) + -6). Calculate the greatest common divisor of x and 46.
46
Let k = 187 - 182. Suppose -s - 20 + 68 = -4*l, k*l = -s + 66. Calculate the greatest common factor of 14 and s.
14
Suppose -73*b - 171 - 9 = -79*b. Calculate the highest common divisor of b and 174.
6
Let j(z) = z**2 - 3*z. Let y be j(5). Suppose y = 2*r - 0. Suppose 0 = -w + 2*h + 14, 0 = -3*w - 4*h + r*h + 47. What is the greatest common factor of w and 80?
16
Let l(h) = -9*h - 4. Let i be l(-9). Suppose -103 = -4*m + i. Suppose -3*v + 5*v = 2*q + 30, 5*q = 0. What is the greatest common divisor of v and m?
15
Let h be 94 + 6/(-14)*-14. Calculate the greatest common factor of 16 and h.
4
Suppose -4*w + 8824 = -44*v + 48*v, -5*v + 4*w + 11012 = 0. Calculate the greatest common divisor of v and 380.
76
Let y(t) = -54*t + 372. Let h be y(6). What is the greatest common factor of 564 and h?
12
Let v(j) = j**3 + j**2 - 16*j - 4. Let d = 143 - 138. Let u be v(d). Calculate the highest common divisor of u and 77.
11
Suppose -401*u - 21678 + 76214 = 0. Calculate the greatest common divisor of u and 833.
17
Suppose 20*r - 19*r = 36. Let q be 1257/r + (-1)/(-12). Calculate the highest common divisor of 45 and q.
5
Let b be (1/(-3)*846/376)/((-3)/4). Calculate the highest common divisor of 1143 and b.
1
Let j(c) = c**3 + 10*c**2 + 11*c + 7. Let b be j(-8). Let t be (-5*(-2 - -3))/((-7)/(-504)). Let l = 16 - t. What is the highest common factor of l and b?
47
Suppose 3*u - 20 + 2 = 0. Suppose -34*x - 166 = -37*x + 4*y, 2*y - 52 = -x. Calculate the highest common divisor of u and x.
6
Let c = -187 + 133. Let l = c + 22. Let i be (-4)/l + (-87)/(-8). What is the highest common divisor of 11 and i?
11
Suppose q - 9*q + 4952 = 64. Calculate the highest common factor of 39 and q.
13
Suppose 318 = 64*w - 61*w + 4*n, n = -3*w + 327. Calculate the greatest common divisor of w and 8.
2
Let k = 13 - -17. Let p be (-17 + 2 + 9)/(2/(-13)). Suppose 0 = -2*n + 3*o + p, 5*n - 5*o - 14 - 71 = 0. What is the highest common factor of k and n?
6
Suppose 3*t + 0*t - 69 = 0. Suppose 5*n + 4*l - 63 = 0, 0 = -n - 6*l + 2*l + 19. Suppose n*p = 5*p + 1242. Calculate the greatest common factor of t and p.
23
Let g = -11 + 67. Suppose 0 = 11*q + 54 - 285. Calculate the highest common factor of q and g.
7
Suppose -26525 = 6*s - 11*s + 2*u, -4*s - 2*u = -21238. Calculate the highest common divisor of s and 87.
87
Suppose 4*a = -x - 0*a + 1986, 2*a + 2 